*j**2 + 1 + 2*j - 4*j**3 - 4. Give d(g).
-7
Suppose 13*z = 14 - 1. Suppose -4*q + 3*q + z = -3*t, -2*q + 2 = -2*t. Suppose -2*l - 5*p - 11 = q, -4*p - 24 = 4*l. Let n(y) = y**2 + 4*y - 5. Give n(l).
7
Let i(r) = 413 - r**2 - 819 + 409 - 6*r. Let x be i(1). Let p(v) = v**3 + 3*v**2 - 5*v - 4. Calculate p(x).
0
Let o(v) be the first derivative of 7*v**2/2 + 66*v + 2391. What is o(-15)?
-39
Let b be ((56/21)/4)/((-4)/(-42)). Let d(k) = -3*k**2 + 0*k**3 + k - 7*k - 1 + b*k - k**3 + 0*k. Give d(2).
-19
Let k(x) = x - 15. Let v be k(13). Suppose 4*t = 5*s + 5, -t + 11 = -3*s + 3*t. Let b(f) = f**s - 2*f**3 - 31*f**2 + 33*f**2 + 2*f**3 + 3*f. What is b(v)?
-6
Let v(p) = 23 - p - 36 + 0 - 3 - 12. Determine v(-7).
-21
Let x(o) = -10*o**2 + 4*o - 3. Let b be x(2). Let l = -40 - b. Let n be 18/27 + l/(30/4). Let r(k) = -k**3 + 6. Give r(n).
6
Let w(c) = -3*c + 7*c - 3 - 22*c + c**2 + 0*c**2 + 3*c. Give w(13).
-29
Let c(i) = -11*i**3 - i**2 - i - 1. Let r(w) = 24*w + 24. Let x be r(-3). Let z = x - -32. Let j be 0 + ((-1)/(-2))/(8/z). What is c(j)?
10
Suppose -24*w = -21*w + 2*a + 31, 0 = -w - a - 12. Let t(z) = 14*z + 91. Determine t(w).
-7
Suppose 0 = -4*n + 32 + 20. Let w(j) = -46*j**2 + 13*j**2 - 45 + n*j**2 + 19*j**2. What is w(0)?
-45
Let w be 5 + 1 + -11 + 8. Suppose -w*t = 3*l + 6, -l - 4*t = 2*l + 10. Let i(v) = -77 + 6*v + v**l + 79 - v. Give i(-4).
-2
Let o(z) = 4*z**2 + 1223 - 77*z - 385 - 413 - 404. Give o(19).
2
Let k(i) = 0*i + 2*i - 79*i**3 + 3 - i - i**2 - 2 + 78*i**3. Let z = -33 - -25. Let o(v) = 2*v**2 + 16*v - 1. Let b be o(z). Give k(b).
0
Let o(q) = 5*q**2 - 3*q + 4. Let s be o(1). Let a(r) = r**3 - 6*r**2 + 3*r + 12. Let c be a(5). Let i(u) = 0*u + 12 + u - 5 + 4*u - u**c. Calculate i(s).
1
Let g = -221454 + 221451. Let k(o) be the first derivative of -o**4/2 - 5*o**3/3 - 3*o**2/2 + 1. What is k(g)?
18
Let h(r) = r**2 - 11*r - 5. Let a(g) = -2*g**2 - 3*g - 1. Let p(d) = 4*a(d) - h(d). What is p(-1)?
-7
Let r(z) = 7*z - 10 + 3*z**2 - 2*z + 14. Suppose -8 = -7*l + 69. Suppose l + 13 = -8*v. Calculate r(v).
16
Let o(t) = -1220*t**3 - 1216*t**3 - 2*t + 2 + t + 2432*t**3 + 3*t**2. Calculate o(3).
-82
Let j(c) = 3*c**2 - 67*c + 36. Let d(u) = -2*u**2 + 39*u - 17. Let o(k) = 5*d(k) + 3*j(k). Determine o(-10).
-17
Let f(i) = -2*i + 2. Let s = -283 - -286. Suppose -11*t - 19 = n - 6*t, s*n = 4*t. Calculate f(n).
10
Let g(z) = 13*z**3 - z. Let o(s) = s**3 - s**2 + 13*s - 6. Let h(q) = -q**3 + 2*q**2 - 15*q + 5. Let n(k) = -3*h(k) - 4*o(k). Let t be n(1). Determine g(t).
-12
Let v be -2 - (0 + -5 + 2). Let s(g) = 10*g**3 - 5*g + 6. Suppose c + 8 + 9 = 0. Let y(f) = 30*f**3 - 14*f + 17. Let p(u) = c*s(u) + 6*y(u). Determine p(v).
11
Let g be (-30)/(-3) + -3 - 0. Let o(b) = g - 13 - 14 + 34*b - 38*b. What is o(-5)?
0
Suppose 1681*y = 1654*y + 486. Let k(t) = 17*t - 305. Determine k(y).
1
Let l(j) be the first derivative of -j**4/2 - 4*j**3/3 + j**2/2 - 5*j + 127. Let w(b) = 2*b**3 + 4*b**2 - 2*b + 5. Let t(y) = 7*l(y) + 6*w(y). What is t(-2)?
5
Suppose 5*l - 3090 = -5*y, -1625 = -3*y - l + 223. Let x(g) = -3*g + 307 + 311 - y. Give x(-4).
15
Let x(n) = -n**3 - 6*n**2 + 2*n + 9. Let q be x(-6). Let f(b) be the second derivative of -b**5/20 - b**4/6 + b**3/3 - 2*b**2 + 24*b + 202. Determine f(q).
-1
Let g be ((-568)/20)/(1/10). Let t = g - -279. Let s(u) = -u**2 - 4*u + 2. What is s(t)?
-3
Suppose 0 = 5*m + c - 139 - 289, 168 = 2*m + 2*c. Suppose 90*u = m*u + 4. Let l(q) = -14*q - 9. Let w(t) = 7*t + 4. Let s(h) = 3*l(h) + 7*w(h). Calculate s(u).
8
Let k(b) = -10*b + 6. Let d(g) = -58*g + 33. Let y(r) = 6*d(r) - 33*k(r). Calculate y(-1).
18
Let n(f) = 3*f**2 + 2*f - 6. Let t(y) = -4*y**2 - y + 7. Let i(w) = -6*n(w) - 5*t(w). Suppose -10451*z = -10443*z - 40. Determine i(z).
16
Let w(i) = 2*i**3 + 49*i**2 + 4*i + 724. Let d be w(-25). Let f(t) = -47*t - 1. Determine f(d).
46
Let c(g) be the third derivative of -11*g**4/24 - 13*g**3/6 - 1220*g**2. Give c(-10).
97
Let c(p) = -p**2 + 3 + 1 - 3 + 9*p - 3. Let t(h) = -45*h + 769. Let m be t(17). Determine c(m).
18
Let w be (42/(-56))/(4 + 58/(-16)). Let r(v) = 3*v**2 + 8*v. What is r(w)?
-4
Let t(y) = 29*y**2 - 8*y - 39. Let q(l) = 53*l**2 - 15*l - 72. Let c(f) = 6*q(f) - 11*t(f). What is c(-8)?
-51
Let h = -668 - -665. Let n(q) be the third derivative of -q**5/60 + 7*q**3/6 + 248*q**2 + 2*q. Calculate n(h).
-2
Suppose -5*n + 18 = -4*z, z + 10 = -n + 5*n. Let l be 22/3 + 14/21 + z. Let y(a) = -6 + 3 + 5*a - l*a. What is y(0)?
-3
Let u = -14325 - -14323. Let g(w) = w**3 - 2*w**2 + 4*w + 12. What is g(u)?
-12
Suppose -12 = -19*w + 22*w + 3*l, 4*w + 17 = -5*l. Let d(m) = 13*m + 10. Give d(w).
-29
Let w(g) = 18 + 47*g - 75*g + 160*g**2 + 19 - 132*g**2 + g**3. What is w(-29)?
8
Let r(m) be the second derivative of -4*m**2 + 0 + 1/12*m**4 - 27*m - 5/6*m**3. Let d = 9 + -2. Give r(d).
6
Let h(y) = -y + 10. Let o be h(13). Let f be 3 - 0*(-1)/o. Let v(j) be the third derivative of j**6/60 - j**5/15 + j**4/24 + j**3/3 - 13*j**2. What is v(f)?
23
Let r(l) = -l**2 - 28*l - 2. Suppose -39*m - 3000 + 928 = 35*m. Calculate r(m).
-2
Let o(j) = 5*j**3 - 2*j**2 - j. Let y = 38 + -36. Suppose 23 = -y*w - 1. Let u be 3/6 + 18/w. Give o(u).
-6
Let b(y) = -y**3 + 6*y**2 - 4*y - 6. Let z(o) = -o**3 + 12*o + 11. Let v be z(-2). Let l = -39 + 19. Let d be ((-10)/(-8))/(v/l). Calculate b(d).
-1
Let x(p) = -p**3 - 13*p**2 - 3*p + 5. Let c(h) = 5*h**3 + 56*h**2 + 11*h - 19. Let r(i) = -2*c(i) - 9*x(i). Calculate r(6).
-13
Suppose -2*p = -4*x - 12, -x - 3*x = 2*p + 28. Let c(w) = -106*w - 8. Let a(t) = 34*t + 1. Let z(n) = -3*a(n) - c(n). Give z(x).
-15
Suppose -9 + 11 = 2*m, -1198 = 2*a + 4*m. Let v = 599 + a. Let c(j) = 5*j. Calculate c(v).
-10
Let j be 14/((-12 - 0) + 14). Let g(x) = -x + 5. Calculate g(j).
-2
Suppose -4*m = 4*f - 100, 4*m - 7*f = -2*f + 91. Suppose 10*p - 2*p = -m. Let d(w) = -w**3 - 4*w**2 - w - 4. Give d(p).
-10
Let i(v) be the first derivative of -v**7/840 + v**6/30 + v**4/3 + v**3 - 41*v - 134. Let d(r) be the third derivative of i(r). Calculate d(12).
8
Let i(k) = k**2 - 7. Let q be 0 + 2/(-11) - 31760/(-440). Let f = -52 + q. Suppose -2*u - 3*u + 15 = 3*t, -4*u + f = 4*t. Calculate i(t).
18
Let j(h) = -h + 25. Let z be j(-28). Let g(s) = 15 - z + 4*s + 17 + 19. Let k(i) = i**3 - 4*i**2 + 3*i - 4. Let a be k(3). Give g(a).
-18
Let h(u) = -2*u**3 - 2*u**2 - 6*u - 4. Let o(l) = l**3 + 3*l**2 + 7*l + 6. Let v(q) = -4*h(q) - 3*o(q). Calculate v(1).
5
Let j = -17134 + 17138. Let d(f) be the first derivative of 2 - 1/4*f**j - 2*f - 2*f**3 + 0*f**2. What is d(-6)?
-2
Let c = -82 + 34. Let w = 48 + c. Let t(y) = 6*y**3 - y**2 + y + 5. Let v(x) = x**3. Let l(n) = -t(n) + 5*v(n). Determine l(w).
-5
Let n(y) = -29*y**2 - 7*y + 9. Let f be n(-8). Let h = f + 3695. Let v(p) = 1907 - h - p - p**3 - p**2 + 3*p. What is v(-2)?
3
Let h(f) = f**2 + f - 1. Let r(x) = 7*x**2 - 9*x - 27. Let g(t) = 6*h(t) - r(t). Let i = -8085 - -8101. Give g(i).
5
Let m(y) = -18*y + 1182. Suppose -5*u - 279 = -4*g, 0 = -g - u + 343 - 280. Determine m(g).
-6
Suppose 49*y = -5*s + 46*y + 61, 0 = -3*s + 4*y + 54. Let u(b) = 4*b - 58. Determine u(s).
-2
Let d(o) be the first derivative of -o**4/3 - 5*o**3/6 + 115*o**2 + 39. Let x(a) be the second derivative of d(a). Determine x(-2).
11
Suppose 0 = -10*o + 14041 - 14001. Let s(p) = 8*p**2 - 13*p + 13. Give s(o).
89
Let q(f) = -5*f - 57. Let w be q(-12). Let i(u) = w*u**2 + 2*u + 77 - 160 + 84. Let j be 4/(-14) - (-10)/(-14). Give i(j).
2
Let r(f) = f**2 - 10*f + 4. Suppose -b + 18*t - 13*t - 670 = 0, -2*t = b + 684. Let y = -670 - b. Give r(y).
4
Let r be (-1)/(-2) - ((-90)/(-16) - 5)*-12. Let s(q) = q**2 - 6*q - 16. What is s(r)?
0
Let t(i) = -7121*i - 21355. Let d be t(-3). Let p(b) = 3*b**2 - 10 - 5*b - b - 2*b**2. Calculate p(d).
6
Let h(x) be the first derivative of 3*x**4/4 + 8*x**3/3 + 4*x**2 + 9*x - 5037. What is h(-4)?
-87
Let j(l) = l**2 + 16*l + 9. Suppose m = 5*r + 41, 3*m = -2*r + 549 - 562. Determine j(r).
-55
Let z = 4749 + -4756. Let r(u) = -u**3 - 9*u**2 - 8*u - 5. What is r(z)?
-47
Let q(o) = 2*o**2 + 25*o + 52. Let b(f) = 3*f**2 + 37*f + 78. Let v(i) = 5*b(i) - 7*q(i). Let j be (-312)/528*-22 - 16. What is v(j)?
5
Let n(h) be the second derivative of -h**5/20 + 13*h**4/12